 -3 - (22 + -3)) + (61 - 49)
1
Calculate (-76 - -138) + (-29 - -19).
52
What is the value of (7 - -13) + -60 - -52?
12
(13 - (-4 + 6 + 4) - (-125 + 28)) + 10
114
What is the value of 95 - (30 + 38 - 4)?
31
(1 - 25) + (302 - 149 - 153)
-24
(-2 - 21) + 88 + -8 + -3
54
What is the value of 493 + -491 + 0 + -40?
-38
Evaluate (-11151 + 11143 - (-4 + 2 + -1 + 136)) + 4.
-137
Evaluate (-26 - 1) + 25 + -13 + 6 + -15 + 2.
-22
What is 18 - (0 - (-21 - (12 - 17)))?
2
Calculate (-62 - (3 + (4 - 7))) + 82 + -43 + -36.
-59
Evaluate 8 - 14 - (-25 + (27 - -75)).
-83
-49 - (-74 + 41) - ((-4 - -3) + -18)
3
Calculate 18 + -42 + 25 + 22 + -11 + 0 - 12.
0
-15 - (20 - (33 + 61))
59
What is the value of -55 + 27 - 32 - -143?
83
28 - (2 + -4 - (-291 + 276))
15
What is the value of -28 - (-8 + -18 - -23)?
-25
10 + (143 - 31) + -31 + -21
70
What is the value of 45 + (-29 - (4 + -14)) + 32?
58
Calculate (0 - (1 + -2)) + -25 + -13 + 19 + 27.
9
Calculate 21 + -11 + (5 - (-4 + 21 + -10)) - -5.
13
Calculate (18 - 28) + (80 - 51).
19
45 + -26 + (-17 - -28)
30
Evaluate -17 + 74 + 11 + -8 + 32.
92
What is the value of 1 + -4 + (-82 - -161 - 49)?
27
(23 - 3) + -108 + (13 - 43)
-118
23 + (-4 - -16 - (-15 + 34)) - -5
21
-73 - (-57 - (58 - 56))
-14
Evaluate 0 + (-7 + 1 - -49) + -31.
12
Evaluate (-121 + 31 - -116) + -12 + -1.
13
What is 18 + -61 + 29 + -1 + 4 - (-113 - -5)?
97
Calculate 4 - (-4 - (-17 - -31 - 18) - -9).
-5
Evaluate (-72 - -55) + -41 + 131.
73
What is (-9879 - -9976) + (1 - 51)?
47
Evaluate -62 + (3 - 5 - -7) - (8 + -24 - -11).
-52
What is the value of -26 - (-52 + 1 - (2692 + -2707))?
10
Calculate -53 + 107 + -56 + -36.
-38
12 + -26 + (39 - (-34 - -25))
34
Calculate -29 + (-42 - -31) + 25.
-15
What is the value of -16 + (-11 - (-41 - -55)) - 33?
-74
Evaluate -22 - ((139 - 132) + (-50 - -1)).
20
Evaluate -5 - (20 + -5) - (31 - 14 - 17).
-20
Calculate 15 + -3 + 12 + (-4 - 29) - -56.
47
What is the value of 324 - 314 - ((-1 - 0) + 0 + -4 + 21)?
-6
What is the value of (37 - 2) + (-3 - (-7 - (12 + -2 - 24)))?
25
(-115 - -101) + 89 + (-4 - (7 + -4)) + 6
74
What is the value of -9 + 17 + -21 + -29?
-42
(11 + -9 + (-15 - (-3 + -24)) - 21) + 10
3
Calculate -29 - (-17 - ((-41 - -27) + -84)).
-110
-947 - -994 - (-2 + 17)
32
Evaluate (-3546 - -3544) + 0 + 0 + (0 - 1) + 17.
14
Calculate -9 + -10 - (-87 - (-26 + 43)).
85
What is -228 + 229 + 0 + (-3 - -3) + -3 - -34?
32
What is 3 - ((7 - -41) + -34 - -39)?
-50
What is 37 + (-88 - (18 + -11))?
-58
Calculate 12 - (4 - 17) - (5 - -3).
17
What is the value of -33 + -12 + 33 - 27 - -18?
-21
Calculate 100 - (109 - 59 - -25).
25
-87 - (23 + -57 + -95)
42
What is (3 + -49 - 2) + 0 + 390 + -388?
-46
Calculate -10 + -5 + 34 + 131 + -128.
22
Evaluate 123 - 151 - (23 + -6).
-45
Calculate -16 - ((9 - (1 + -8 + (20 - -2))) + -4).
-6
Calculate (14 - 29 - 3) + -1 + 16 - -13.
10
What is the value of 94 + -71 + 0 + 3 + 22?
48
Evaluate -9 - (-28 + 24 + (19 - 0)).
-24
Calculate 0 + 2 - -5 - (-89 + -61 + 28).
129
20 + (8 - 1) + -518 + 545
54
Evaluate 11 + 18 + (3 - 6 - -11) + -10 + -10.
17
What is 78 - (-18 - -8 - (78 - 86))?
80
What is the value of 29 + 22 + -71 - -64?
44
Evaluate 7 - ((-1 - -6) + -4 - (13 + -60 - -10)).
-31
-2 + -8 - (-22 - -43)
-31
Calculate 9 - (19 - 12 - 1) - 78.
-75
What is the value of -9 + -15 + 12 + 5 + -32?
-39
What is 58 + 30 + -52 + -14 - 30?
-8
What is 1 - (-12 + 0 + (229 + -87 - 49))?
-80
What is (140 - 85) + (-3 - -1 - 18)?
35
What is the value of (-9 - (0 - 5)) + (6 - 0) + -3?
-1
Calculate (37 - (4 - 24)) + -31.
26
What is the value of -25 + 18 + (148 - 49)?
92
Evaluate (-10 - 0) + (56 - (-22 + -46 + 166)).
-52
Calculate -3 - (-108 + 7) - 70.
28
Evaluate (-33 + -12 - -25) + -22.
-42
Evaluate (-4 + 12 - 4) + 6 - -19.
29
What is the value of 1 + -25 - ((-7649 - -7647) + (0 + 0 - -15))?
-37
Evaluate -6 + (-13 - (-9 - (8 + -1))) + -53.
-56
Calculate (4 - -4 - 114) + 11 + -1.
-96
Calculate (55 - 13) + -47 - 20.
-25
What is 8 + 20 + -65 + -4 + (-1 - -12)?
-30
What is 16 + (48 - 27 - 26) + -22?
-11
Calculate -17 - (14 - 0 - -23 - 42).
-12
Evaluate (-127 - (-88 + 41 + 34)) + -1 + -14.
-129
9 - (0 + 14 - (122 + -122)) - 19
-24
What is -180 + 194 - (-60 + 9)?
65
What is -30 + 2 - ((-1 - 12) + (29 - 32 - -19))?
-31
What is the value of -89 - (9 + -1 + -28 + 8)?
-77
What is the value of 23 + (-46 - -17) - 15 - 13?
-34
Calculate 22 - 1 - -1 - (19 - -25 - 53).
31
Evaluate 6 + (26 - (1 + 2)) + (5 - (-15 + 19)).
30
(9 - (440 - 418 - (-2 - -130))) + 12
127
(3 - 6 - 47) + (2 - -15 - 4) + -11
-48
What is 38 + (66 - (-85 - -211))?
-22
Calculate (1 + 93 - 0) + 2 - (27076 + -27054).
74
What is -70 + 279 + -86 - 62?
61
What is the value of 22 + (85 - 149) - -122?
80
(-49 - (12 - -33 - 20)) + 23
-51
-6 + -8 - -35 - (-172 + 200)
-7
What is (-1 - 6) + (723 - 708) + (1 - 1 - 28)?
-20
What is the value of -85 - (-60 + (84 - 142))?
33
Evaluate (7 - -26 - 4) + (6 - -5).
40
What is (-3 - 9) + (-16 - (6 + -37)) + -118 + 9?
-106
What is the value of 11 + (-4 - 0 - ((40 - 6) + -15)) + 90?
78
What is -10 + (29 - 22 - -55) - 31?
21
What is 20 + -1 + -71 + 32 - 15?
-35
Calculate (-6 - (-1 + -3 - -3) - -5) + (53 - 1).
52
Evaluate 33 + 0 + -579 + 545 - -66.
65
24 - (-25 + (-18 - (32 + -51)))
48
What is (64 - 22) + 5 + -3 + 3 + -7?
40
What is -1 - 85 - -92 - 49?
-43
(-2117 - -2168) + -41 + -1 + 2 + (71 - 0)
82
Calculate -1 + 11 - 11 - (-6 - (-7 + -12)).
-14
What is the value of (15 - 1) + (-33 - -11 - -8) + (-22 - -30)?
8
What is (147 - (-121 - -65)) + -105?
98
Calculate -17 + 9 + (1068 - 1053).
7
12 - (2 - -3 - (-13 + 6 + 39))
39
0 + (17 - 1) + 307 + -310 + 44
57
(-1 - -133) + (-7835 - -7766)
63
Calculate -17 + (-3 - 8 - -17) + 9.
-2
37 + -70 - (2 - -1 - (-100 - -115))
-21
31 + 1 - (30 + -15 - -6 - 23)
34
What is the value of 12 - (-15 + ((-7 - -18) + 2 - 10))?
24
(1 - 9) + 2 + 9 + (83 - (4 - 10))
92
What is -6 + (-27 - 8 - -66) - -16?
41
What is the value of 18 + 0 + (1 + 7 + 6 - 3)?
29
2 - (4 - -38) - (-13 - (8 + -4) - -19)
-42
Calculate 34 + 30 + -50 + -125 + -7.
-118
Evaluate (14 - (4 + -7 + 3)) + 383 + -397.
0
What is the value of (-5 - 1 - (13 + 5 + -24)) + -23 + -3?
-26
(-82 - -96 - (1 - (-5 + -7))) + 53
54
0 - -4 - (25 + -90 + 60)
9
Evaluate 14 - 24 - (8 - (-4 + 12) - -27).
-37
Calculate -7 + (-2 + 12 - (91 + -97) - -13).
22
Calculate 0 + 9 + -15 + -10 + 3 + 108.
95
What is (-81 - (29 - 59)) + (7 - 5) + 0 + -3?
-52
Calculate 0 + 14 - (38 - 25) - (1 - 2).
2
What is the value of (0 - 121) + (-9 + -19 + 17 - (73 - 81))?
-124
Calculate 158 + (-43 + (27 - -9) - 8).
143
101 + 63 + -100 + -131
-67
What is the value of 6 + -75 + 682 + -567?
46
What is 133 - (-33 + 110 + -42 + -26)?
124
Calculate 37 + -14 + 9 + 91 + -23.
100
Evaluate 25 + (-32 - -66) + -40.
19
Evaluate 50 + (64 - 33 - 99).
-18
Calculate 11 + -7 + -6 - (-13 + 7 + -14).
18
Evaluate (98 - 104) + 0 + (6 - -7 - -1).
8
466 + -497 + (-1 - 0 - 39)
-71
What is the value of -21 - (-9 + -51) - (5 + (-17 - 1))?
52
Calculate (2 - 1) + (328 - 329) - -28.
28
What is the value of -5 + 0 - (1 - -13 - (-32 - -6))?
-45
Evaluate -2 + 13 - 0 - (24 + 41 + -62 - -132).
-124
Calculate (7 - (-3 - (-52 + -11 + 0 + 3))) + 10.
-40
Evaluate 13 - 0 - (-60 + -5 + -13 + 28).
63
What is 9 + (9 - (-6 - 47)) + 14?
85
-67 + (29 - (0 - 58))
20
What is 30 + -5 - (-2 + -9 + 6 + -3 + 8)?
25
Calculate (-43 + 40 - (16 - 7) - -109) + -14.
83
What is the value of -240 + 245 - (-2 - (3 + -72) - 3)?
-59
Calculate -77 + -45 + 193 - 50.
21
Calculate 80 - -1 - (3 - 2 - 1 - (-8 - -10)).
83
40 + -48 + ((7 - 14) + 5 - -5)
-5
Evaluate -18 - (-18 + 120 + -19).
-101
Evaluate (-3 + -11 - -1) + (4 - (59 - 25)).
-43
(3 + 25 - 29) + -13 - -11
-3
What is -3 + 1 + 8 + 0 + (-23 - -26 - -10)?
19
What is the value of 16 - ((38 - 42) + -21 + 0)?
41
Calculate (-28 - -37) + -1 + -10 + 3 + 45 + -6.
40
Calculate 52 - (12 - (-15 - 68)).
-43
What is 4 + (-9 - (-24 + -4 + 1)) + 12?
34
What is -89 - (14 + 10 - 66)?
-47
Calculate (10 - (-16 - (0 + -12) - -8)) + -31.
-25
What is (21 + -26 - 8) + (-53 - (8 + -4))?
-70
What is (-1 - 3) + (-160 - -179) + -25?
-10
Evaluate -21 - (13 + -77 + -7 + -20).
70
Calculate 182 + -72 + -22 + -43.
45
-1 + 8 - (-13 + 2 - 2 - -9) - 112
-101
What is the value of 5 + (-12 - (29 - 11 - 6 - 19))?
0
What is the value of 0 - -47 